975?
7
What is the units digit of 88165?
5
What is the ten thousands digit of 9573928?
7
What is the ten thousands digit of 7946263?
4
What is the hundred thousands digit of 8029205?
0
What is the hundreds digit of 593931?
9
What is the thousands digit of 166572?
6
What is the hundred thousands digit of 166133?
1
What is the hundred thousands digit of 290296?
2
What is the millions digit of 3528877?
3
What is the ten thousands digit of 462140?
6
What is the hundred thousands digit of 21311328?
3
What is the hundred thousands digit of 4667700?
6
What is the thousands digit of 44698?
4
What is the tens digit of 84772?
7
What is the hundreds digit of 826532?
5
What is the hundreds digit of 2802843?
8
What is the units digit of 3429978?
8
What is the tens digit of 644917?
1
What is the tens digit of 9188655?
5
What is the hundreds digit of 1382095?
0
What is the hundreds digit of 17900?
9
What is the thousands digit of 1126769?
6
What is the hundred thousands digit of 223346?
2
What is the units digit of 410136?
6
What is the hundreds digit of 69694?
6
What is the hundreds digit of 1808637?
6
What is the tens digit of 31671785?
8
What is the ten thousands digit of 109967?
0
What is the hundreds digit of 460567?
5
What is the thousands digit of 1787985?
7
What is the millions digit of 19745538?
9
What is the ten thousands digit of 1413945?
1
What is the hundreds digit of 1121153?
1
What is the millions digit of 4679941?
4
What is the hundreds digit of 11193659?
6
What is the units digit of 115437?
7
What is the tens digit of 1893284?
8
What is the ten thousands digit of 553110?
5
What is the ten thousands digit of 248243?
4
What is the units digit of 2405112?
2
What is the hundred thousands digit of 123213?
1
What is the thousands digit of 9729331?
9
What is the units digit of 1295012?
2
What is the thousands digit of 608968?
8
What is the thousands digit of 4329462?
9
What is the tens digit of 503817?
1
What is the ten thousands digit of 689165?
8
What is the units digit of 1469266?
6
What is the units digit of 78246?
6
What is the millions digit of 6631932?
6
What is the millions digit of 1818485?
1
What is the ten thousands digit of 560516?
6
What is the units digit of 405695?
5
What is the tens digit of 8301124?
2
What is the tens digit of 5830021?
2
What is the thousands digit of 451313?
1
What is the hundreds digit of 580913?
9
What is the thousands digit of 264959?
4
What is the thousands digit of 191797?
1
What is the ten thousands digit of 18974593?
7
What is the hundreds digit of 2621985?
9
What is the tens digit of 82404?
0
What is the hundred thousands digit of 3331790?
3
What is the millions digit of 5396886?
5
What is the thousands digit of 32566643?
6
What is the thousands digit of 6333218?
3
What is the thousands digit of 753510?
3
What is the thousands digit of 80266?
0
What is the ten thousands digit of 8432075?
3
What is the ten thousands digit of 2971516?
7
What is the units digit of 21481453?
3
What is the hundred thousands digit of 3542495?
5
What is the hundred thousands digit of 884384?
8
What is the thousands digit of 285961?
5
What is the hundred thousands digit of 563213?
5
What is the ten thousands digit of 684646?
8
What is the ten thousands digit of 4981586?
8
What is the hundreds digit of 1071939?
9
What is the tens digit of 580766?
6
What is the ten thousands digit of 165324?
6
What is the tens digit of 893847?
4
What is the thousands digit of 23760326?
0
What is the ten thousands digit of 10245391?
4
What is the hundred thousands digit of 126628?
1
What is the hundred thousands digit of 4008910?
0
What is the thousands digit of 982112?
2
What is the thousands digit of 768084?
8
What is the hundred thousands digit of 5076314?
0
What is the hundreds digit of 2885487?
4
What is the hundreds digit of 2108112?
1
What is the ten millions digit of 26867459?
2
What is the hundreds digit of 6646568?
5
What is the ten thousands digit of 733602?
3
What is the tens digit of 577393?
9
What is the hundreds digit of 353514?
5
What is the millions digit of 1034508?
1
What is the units digit of 184012?
2
What is the tens digit of 2228458?
5
What is the millions digit of 11838936?
1
What is the ten thousands digit of 211339?
1
What is the hundred thousands digit of 206939?
2
What is the units digit of 792169?
9
What is the tens digit of 5587939?
3
What is the units digit of 6786932?
2
What is the ten millions digit of 21921848?
2
What is the units digit of 2405790?
0
What is the hundreds digit of 43646?
6
What is the tens digit of 962101?
0
What is the thousands digit of 93840?
3
What is the ten thousands digit of 15026399?
2
What is the thousands digit of 252326?
2
What is the hundred thousands digit of 120209?
1
What is the ten thousands digit of 472318?
7
What is the ten millions digit of 14425575?
1
What is the hundreds digit of 2309011?
0
What is the tens digit of 380493?
9
What is the hundred thousands digit of 16563724?
5
What is the hundreds digit of 180197?
1
What is the units digit of 390236?
6
What is the thousands digit of 8750779?
0
What is the hundreds digit of 745347?
3
What is the hundred thousands digit of 37273688?
2
What is the tens digit of 554757?
5
What is the hundred thousands digit of 690748?
6
What is the ten thousands digit of 17776800?
7
What is the thousands digit of 1586666?
6
What is the thousands digit of 63509?
3
What is the hundred thousands digit of 407871?
4
What is the millions digit of 8061806?
8
What is the hundred thousands digit of 294673?
2
What is the ten thousands digit of 2219722?
1
What is the tens digit of 101758?
5
What is the thousands digit of 271229?
1
What is the ten thousands digit of 582951?
8
What is the tens digit of 891585?
8
What is the ten thousands digit of 245017?
4
What is the millions digit of 1695962?
1
What is the units digit of 7248523?
3
What is the tens digit of 503318?
1
What is the ten thousands digit of 1125363?
2
What is the thousands digit of 97505?
7
What is the ten thousands digit of 958022?
5
What is the thousands digit of 189227?
9
What is the tens digit of 1106846?
4
What is the millions digit of 4020512?
4
What is the hundred thousands digit of 4122224?
1
What is the thousands digit of 96116?
6
What is the hundred thousands digit of 679383?
6
What is the millions digit of 7179556?
7
What is the hundred thousands digit of 2602390?
6
What is the thousands digit of 849086?
9
What is the thousands digit of 5438704?
8
What is the units digit of 1309736?
6
What is the tens digit of 3858725?
2
What is the hundreds digit of 7466074?
0
What is the thousands digit of 7214468?
4
What is the millions digit of 1329017?
1
What is the units digit of 689102?
2
What is the tens digit of 4461784?
8
What is the thousands digit of 3163784?
3
What is the hundreds digit of 538636?
6
What is the thousands digit of 91779?
1
What is the ten thousands digit of 45655721?
5
What is the thousands digit of 21219010?
9
What is the hundreds digit of 357775?
7
What is the thousands digit of 9282729?
2
What is the thousands digit of 40023?
0
What is the hundreds digit of 5074?
0
What is the hundreds digit of 1194349?
3
What is the hundreds digit of 775146?
1
What is the ten millions digit of 13130634?
1
What is the millions digit of 14654896?
4
What is the units digit of 1896733?
3
What is the tens digit of 53768?
6
What is the ten thousands digit of 112481?
1
What is the tens digit of 404787?
8
What is the ten millions digit of 19192146?
1
What is the hundred thousands digit of 185576?
1
What is the hundred thousands digit of 339078?
3
What is the ten thousands digit of 140617?
4
What is the units digit of 646703?
3
What is the hundreds digit of 447156?
1
What is the hundreds digit of 1244597?
5
What is the tens digit of 139237?
3
What is the thousands digit of 9251323?
1
What is the ten thousands digit of 507578?
0
What is the thousands digit of 1785362?
5
What is the units digit of 86478?
8
What is the hundreds digit of 664188?
1
What is the hundred thousands digit of 233177?
2
What is the thousands digit of 6669656?
9
What is the thousands digit of 3251889?
1
What is the millions digit of 1390739?
1
What is the units digit of 387085?
5
What is the units digit of 149164?
4
What is t